87 a composite number?
True
Is 129821 prime?
False
Is 35525771 a prime number?
True
Is 11793101 prime?
True
Is 1714979 a prime number?
False
Is 34403981 a prime number?
True
Is 122315503 a composite number?
False
Is 290338523 composite?
True
Is 37044431 a prime number?
True
Is 15307451 a composite number?
False
Is 5762945 a composite number?
True
Is 2132083 prime?
False
Is 603357197 a composite number?
False
Is 53281411 prime?
True
Is 106917919 prime?
True
Is 1480279 a prime number?
False
Is 1639703 composite?
True
Is 68300717 composite?
False
Is 68225341 a prime number?
False
Is 6086533 a prime number?
False
Is 3618187 a prime number?
True
Is 9449446 a prime number?
False
Is 9465355 a prime number?
False
Is 1917677 composite?
True
Is 471419 a prime number?
False
Is 7869221 prime?
True
Is 4187233 a prime number?
True
Is 9937619 a prime number?
False
Is 3030427 composite?
True
Is 131468305 composite?
True
Is 32986921 composite?
True
Is 366672793 composite?
False
Is 10018387 a prime number?
False
Is 46668229 a composite number?
True
Is 99364493 a prime number?
False
Is 31567931 composite?
False
Is 1603709 a prime number?
True
Is 6626159 prime?
False
Is 34379938 composite?
True
Is 56028407 prime?
False
Is 86884799 a prime number?
True
Is 4168469 composite?
False
Is 202064689 a composite number?
True
Is 58868413 a composite number?
False
Is 1590881 a composite number?
True
Is 1182383 a composite number?
False
Is 166071617 a composite number?
True
Is 105122051 a composite number?
False
Is 2336513 a composite number?
True
Is 3559971 a composite number?
True
Is 7338241 a prime number?
True
Is 868172969 prime?
True
Is 750689 prime?
False
Is 6198259 a composite number?
False
Is 218731261 a prime number?
False
Is 129884345 a prime number?
False
Is 6659021 a prime number?
True
Is 1539479 a prime number?
True
Is 30558103 a composite number?
True
Is 5054001 a composite number?
True
Is 24686951 prime?
True
Is 52942271 a prime number?
True
Is 501889 prime?
True
Is 186769889 a prime number?
False
Is 19171033 a prime number?
False
Is 1776821 prime?
True
Is 106721467 prime?
True
Is 6434167 a composite number?
False
Is 117669241 a composite number?
False
Is 13033501 a composite number?
True
Is 21623755 prime?
False
Is 14147407 a composite number?
False
Is 281691043 a composite number?
True
Is 17985679 a composite number?
False
Is 652447 prime?
True
Is 304753 a composite number?
True
Is 8537249 a composite number?
True
Is 12781529 a prime number?
False
Is 12833263 prime?
True
Is 13172609 a prime number?
False
Is 913999973 composite?
False
Is 13966951 prime?
False
Is 117968447 composite?
True
Is 3573887 composite?
False
Is 109614679 composite?
False
Is 57935887 a composite number?
False
Is 109871609 composite?
True
Is 3602869 composite?
False
Is 13538687 composite?
False
Is 2477 a composite number?
False
Is 336645879 prime?
False
Is 129412067 prime?
True
Is 11531093 composite?
True
Is 290792353 a prime number?
True
Is 238991 a composite number?
False
Is 21572761 a prime number?
False
Is 1123867 composite?
False
Is 1793987989 composite?
False
Is 38195155 a composite number?
True
Is 20949143 a prime number?
False
Is 1814507 composite?
False
Is 446624461 composite?
True
Is 330561017 composite?
False
Is 1057271 a composite number?
False
Is 47622643 a composite number?
False
Is 1857721 a composite number?
True
Is 262356269 a prime number?
False
Is 277871683 a prime number?
True
Is 133015901 a composite number?
False
Is 1431097 a prime number?
True
Is 605497 composite?
False
Is 1668773 prime?
True
Is 10886311 a prime number?
True
Is 979323817 prime?
True
Is 140754103 a prime number?
False
Is 136813403 a composite number?
True
Is 12657943 a prime number?
True
Is 28463221 a prime number?
True
Is 622681 a composite number?
True
Is 6427061 prime?
True
Is 6574381 a prime number?
False
Is 26710909 composite?
True
Is 14660309 a composite number?
False
Is 667914983 a prime number?
True
Is 69354797 composite?
False
Is 60336719 prime?
True
Is 571471 composite?
False
Is 52671637 composite?
True
Is 10905697 composite?
True
Is 55045231 a prime number?
True
Is 163999831 composite?
True
Is 655847 prime?
True
Is 762881519 a composite number?
False
Is 16818265 composite?
True
Is 16692019 prime?
True
Is 19163801 a composite number?
False
Is 56370947 a prime number?
False
Is 8053 a composite number?
False
Is 147671171 composite?
True
Is 55262593 prime?
True
Is 3058219 prime?
True
Is 7880966 prime?
False
Is 2182457 a composite number?
True
Is 5623919 a prime number?
False
Is 6241019 composite?
True
Is 225170573 composite?
False
Is 1667033 composite?
False
Is 46320577 composite?
True
Is 8661941 a composite number?
False
Is 56171229 a prime number?
False
Is 233656631 composite?
True
Is 75355481 composite?
False
Is 40980787 composite?
False
Is 46536407 a prime number?
False
Is 2428357 a composite number?
False
Is 1546799 prime?
True
Is 953399 composite?
False
Is 17883293 a composite number?
False
Is 253543 prime?
True
Is 1838197 prime?
False
Is 84748217 composite?
False
Is 16682357 a prime number?
True
Is 12016129 composite?
False
Is 255891 a prime number?
False
Is 121017262 a prime number?
False
Is 8465741 prime?
True
Is 2172641 composite?
False
Is 92571785 composite?
True
Is 47035511 a composite number?
False
Is 19423403 prime?
True
Is 117649239 a prime number?
False
Is 323908951 prime?
True
Is 964253 prime?
True
Is 46628493 a prime number?
False
Is 8367983 a prime number?
False
Is 148300397 composite?
True
Is 89167919 a prime number?
True
Is 6550637 composite?
True
Is 582089161 a composite number?
False
Is 1271183 prime?
True
Is 535752181 prime?
True
Is 95656201 a composite number?
False
Is 38347147 prime?
True
Is 455033 a prime number?
True
Is 790387621 a composite number?
False
Is 1277399 a prime number?
False
Is 1435163 prime?
True
Is 3159353 a prime number?
True
Is 20756129 prime?
True
Is 2215777 a composite number?
False
Is 482169 a prime number?
False
Is 51251359 a composite number?
False
Is 31689551 a prime number?
False
Is 6565889 prime?
False
Is 2028101 a composite number?
False
Is 4375445 composite?
True
Is 4387267 a composite number?
False
Is 5077561 a prime number?
True
Is 82628107 composite?
False
Is 234123443 a composite number?
True
Is 8242151 a composite number?
True
Is 95283301 composite?
True
Is 408949 composite?
True
Is 69742873 a composite number?
False
Is 33179191 composite?
False
Is 66182642 composite?
True
Is 497946049 composite?
False
Is 13193669 a prime number?
True
Is 1825471 a prime number?
False
Is 254348018 prime?
False
Is 957917741 a composite number?
True
Is 4058381 a prime number?
False
Is 7686313 a prime number?
False
Is 8070989 a prime number?
True
Is 195738001 prime?
True
Is 935131 a composite number?
True
Is 85623477 prime?
False
Is 21464983 a prime number?
True
Is 4023191 a composite number?
False
Is 235702 a composite number?
True
Is 9847213 prime?
True
Is 6569371 a prime number?
True
Is 329057 a composite number?
True
Is 1853549 composite?
False
Is 24091727 composite?
True
Is 45089357 composite?
True
Is 3591613 a composite number?
False
Is 5352001 composite?
False
Is 81442199 a composite number?
True
Is 55871 composite?
False
Is 10407979 a composite number?
True
Is 123869 prime?
False
Is 90508553 composite?
False
Is 2698561 composite?
True
Is 21975911 prime?
True
Is 543421 a prime number?
False
Is 13043221 prime?
True
Is 171380977 prime?
False
Is 4691069 a composite number?
True
Is 8139917 a composite number?
False
Is 1831993 composite?
False
Is 24471721 prime?
False
Is 2610761 a prime number?
True
Is 4596173 composite?
False
Is 8436541 a prime number?
True
Is 632773 prime?
True
Is 23594873 a composite number?
True
Is 9732209 a composite number?
True
Is 12309799 a composite number?
True
Is 42904839 a composite number?
True
Is 193780777 prime?
True
Is 513753419 a prime number?
False
Is 82223629 composite?
True
Is 97224119 prime?
True
Is 16009099 composite?
False
Is 4314241 prime?
True
Is 11836063 composite?
True
Is 506407966 a composite number?
True
Is 3929549 a composite number?
True
Is 140298061 a prime number?
True
Is 10197947 composite?
True
Is 132779147 a prime number?
False
Is 83013663 prime?
False
Is 22679 composite?
False
Is 7286129 a comp